{"id":5623,"date":"2026-03-18T17:07:51","date_gmt":"2026-03-18T17:07:51","guid":{"rendered":"https:\/\/dekantik.es\/?post_type=product&#038;p=5623"},"modified":"2026-03-30T20:23:56","modified_gmt":"2026-03-30T20:23:56","slug":"aparador-mid-century","status":"publish","type":"product","link":"https:\/\/dekantik.es\/?product=aparador-mid-century","title":{"rendered":"Aparador Mid Century"},"content":{"rendered":"<p><strong>Dekantik :\u00a0<\/strong>Piezas con historia, estilo y calidad que te acompa\u00f1ar\u00e1n por muchos a\u00f1os.<\/p>\n","protected":false},"excerpt":{"rendered":"<h3 data-path-to-node=\"6\"><b data-path-to-node=\"6\" data-index-in-node=\"0\">Icono Retro y Elegancia Funcional<\/b><\/h3>\n<p data-path-to-node=\"7\">Si eres amante del dise\u00f1o con historia, nuestro Aparador Midcentury es la pieza definitiva para tu hogar. Inspirado en la est\u00e9tica dorada de los a\u00f1os 50 y 60, este mueble combina la calidez de la madera aportando un aire sofisticado, vintage y lleno de personalidad que encaja a la perfecci\u00f3n en ambientes modernos.<\/p>\n<hr data-path-to-node=\"8\" \/>\n<p data-path-to-node=\"9\"><b data-path-to-node=\"9\" data-index-in-node=\"0\">\u00bfQu\u00e9 hace especial a este Aparador Midcentury?<\/b><\/p>\n<ul data-path-to-node=\"10\">\n<li>\n<p data-path-to-node=\"10,0,0\"><b data-path-to-node=\"10,0,0\" data-index-in-node=\"0\">Dise\u00f1o de \u00c9poca:<\/b> Destaca por su silueta lineal y sus patas de corte c\u00f3nico, elementos ic\u00f3nicos que aportan ligereza visual y ese car\u00e1cter retro tan buscado.<\/p>\n<\/li>\n<li><b data-path-to-node=\"10,2,0\" data-index-in-node=\"0\">Gran Capacidad de Almacenaje:<\/b> Su dise\u00f1o inteligente de puertas y cajones ofrece un espacio amplio y organizado, ideal para ser el protagonista en tu sal\u00f3n o comedor sin renunciar a la practicidad.<\/li>\n<\/ul>\n<p data-path-to-node=\"11\"><b data-path-to-node=\"11\" data-index-in-node=\"0\">Caracter\u00edstica | Detalle<\/b><\/p>\n<ul data-path-to-node=\"12\">\n<li>\n<p data-path-to-node=\"12,0,0\"><b data-path-to-node=\"12,0,0\" data-index-in-node=\"0\">Dimensiones:<\/b> 85 cm ancho x 32 cm fondo x 94 cm alto.<\/p>\n<\/li>\n<li>\n<p data-path-to-node=\"12,1,0\"><b data-path-to-node=\"12,1,0\" data-index-in-node=\"0\">Materiales:<\/b> Madera recuperada con acabados de alta calidad.<\/p>\n<\/li>\n<li>\n<p data-path-to-node=\"12,2,0\"><b data-path-to-node=\"12,2,0\" data-index-in-node=\"0\">Estado:<\/b> Restaurado y Reforzado (Pieza \u00danica).<\/p>\n<\/li>\n<li>\n<p data-path-to-node=\"12,3,0\"><b data-path-to-node=\"12,3,0\" data-index-in-node=\"0\">Env\u00edo y Transporte:<\/b><\/p>\n<\/li>\n<\/ul>\n<hr data-path-to-node=\"13\" \/>\n<p>&nbsp;<\/p>\n","protected":false},"featured_media":5792,"template":"","meta":[],"product_brand":[],"product_cat":[95,57],"product_tag":[],"class_list":{"0":"post-5623","1":"product","2":"type-product","3":"status-publish","4":"has-post-thumbnail","6":"product_cat-aparador","7":"product_cat-comoda","9":"first","10":"outofstock","11":"sold-individually","12":"shipping-taxable","13":"purchasable","14":"product-type-simple"},"_links":{"self":[{"href":"https:\/\/dekantik.es\/index.php?rest_route=\/wp\/v2\/product\/5623","targetHints":{"allow":["GET"]}}],"collection":[{"href":"https:\/\/dekantik.es\/index.php?rest_route=\/wp\/v2\/product"}],"about":[{"href":"https:\/\/dekantik.es\/index.php?rest_route=\/wp\/v2\/types\/product"}],"wp:featuredmedia":[{"embeddable":true,"href":"https:\/\/dekantik.es\/index.php?rest_route=\/wp\/v2\/media\/5792"}],"wp:attachment":[{"href":"https:\/\/dekantik.es\/index.php?rest_route=%2Fwp%2Fv2%2Fmedia&parent=5623"}],"wp:term":[{"taxonomy":"product_brand","embeddable":true,"href":"https:\/\/dekantik.es\/index.php?rest_route=%2Fwp%2Fv2%2Fproduct_brand&post=5623"},{"taxonomy":"product_cat","embeddable":true,"href":"https:\/\/dekantik.es\/index.php?rest_route=%2Fwp%2Fv2%2Fproduct_cat&post=5623"},{"taxonomy":"product_tag","embeddable":true,"href":"https:\/\/dekantik.es\/index.php?rest_route=%2Fwp%2Fv2%2Fproduct_tag&post=5623"}],"curies":[{"name":"wp","href":"https:\/\/api.w.org\/{rel}","templated":true}]}}