{"id":5163,"date":"2025-09-14T12:11:44","date_gmt":"2025-09-14T12:11:44","guid":{"rendered":"https:\/\/dekantik.es\/?post_type=product&#038;p=5163"},"modified":"2026-04-13T18:29:07","modified_gmt":"2026-04-13T16:29:07","slug":"mesitas-de-noche-clara","status":"publish","type":"product","link":"https:\/\/dekantik.es\/?product=mesitas-de-noche-clara","title":{"rendered":"Mesitas Clara"},"content":{"rendered":"<p><strong>Dekantik :\u00a0<\/strong>Piezas con historia, estilo y calidad que te acompa\u00f1ar\u00e1n por muchos a\u00f1os.<\/p>\n","protected":false},"excerpt":{"rendered":"<h3 data-path-to-node=\"3\"><b data-path-to-node=\"3\" data-index-in-node=\"0\">Robustez y Elegancia Cl\u00e1sica<\/b><\/h3>\n<p data-path-to-node=\"4\">El conjunto Clara es una declaraci\u00f3n de intenciones para el dormitorio. Estas mesitas han sido rescatadas para quienes buscan piezas con peso visual y car\u00e1cter. Su dise\u00f1o, que combina un pr\u00e1ctico caj\u00f3n superior con un amplio espacio de almacenaje tras sus puertas dobles, resalta la belleza de la madera maciza con un acabado que evoca la calidez de las casas se\u00f1oriales, adaptado a la serenidad de los hogares actuales.<\/p>\n<p data-path-to-node=\"5\"><b data-path-to-node=\"5\" data-index-in-node=\"0\">Lo que las hace especiales:<\/b><\/p>\n<ul data-path-to-node=\"6\">\n<li>\n<p data-path-to-node=\"6,0,0\"><b data-path-to-node=\"6,0,0\" data-index-in-node=\"0\">Gran Capacidad de Almacenaje:<\/b> A diferencia de las mesitas convencionales, el modelo Clara ofrece un espacio generoso gracias a su dise\u00f1o de doble puerta y caj\u00f3n funcional.<\/p>\n<\/li>\n<li>\n<p data-path-to-node=\"6,1,0\"><b data-path-to-node=\"6,1,0\" data-index-in-node=\"0\">Presencia Robusta:<\/b> Su estructura imponente y sus l\u00edneas cl\u00e1sicas las convierten en piezas protagonistas que aportan estabilidad y lujo al dormitorio.<\/p>\n<\/li>\n<li>\n<p data-path-to-node=\"6,2,0\"><b data-path-to-node=\"6,2,0\" data-index-in-node=\"0\">Madera Maciza con Alma:<\/b> Restauradas artesanalmente para proteger su esencia original, utilizando materiales eco-friendly que garantizan una pieza saludable y duradera.<\/p>\n<\/li>\n<\/ul>\n<p data-path-to-node=\"7\"><b data-path-to-node=\"7\" data-index-in-node=\"0\">Caracter\u00edstica | Detalle<\/b><\/p>\n<ul data-path-to-node=\"8\">\n<li><b data-path-to-node=\"8,1,0\" data-index-in-node=\"0\">Dimensiones : <\/b>55cm ancho x 37cm fondo x 61cm alto<\/li>\n<li>\n<p data-path-to-node=\"8,2,0\"><b data-path-to-node=\"8,2,0\" data-index-in-node=\"0\">Materiales :<\/b>\u00a0Madera maciza de alta calidad con acabados naturales.<\/p>\n<\/li>\n<li>\n<p data-path-to-node=\"8,3,0\"><b data-path-to-node=\"8,3,0\" data-index-in-node=\"0\">Estado :<\/b>\u00a0Restauradas y Reforzadas (Juego de 2 unidades).<\/p>\n<\/li>\n<li>\n<p data-path-to-node=\"8,4,0\"><b data-path-to-node=\"8,4,0\" data-index-in-node=\"0\">Env\u00edo :<\/b><\/p>\n<\/li>\n<\/ul>\n<hr data-path-to-node=\"9\" \/>\n<h3 data-path-to-node=\"10\"><\/h3>\n<p>&nbsp;<\/p>\n","protected":false},"featured_media":5687,"template":"","meta":[],"product_brand":[],"product_cat":[94],"product_tag":[],"class_list":{"0":"post-5163","1":"product","2":"type-product","3":"status-publish","4":"has-post-thumbnail","6":"product_cat-mesitas-de-noche","8":"first","9":"outofstock","10":"sold-individually","11":"shipping-taxable","12":"purchasable","13":"product-type-simple"},"_links":{"self":[{"href":"https:\/\/dekantik.es\/index.php?rest_route=\/wp\/v2\/product\/5163","targetHints":{"allow":["GET"]}}],"collection":[{"href":"https:\/\/dekantik.es\/index.php?rest_route=\/wp\/v2\/product"}],"about":[{"href":"https:\/\/dekantik.es\/index.php?rest_route=\/wp\/v2\/types\/product"}],"wp:featuredmedia":[{"embeddable":true,"href":"https:\/\/dekantik.es\/index.php?rest_route=\/wp\/v2\/media\/5687"}],"wp:attachment":[{"href":"https:\/\/dekantik.es\/index.php?rest_route=%2Fwp%2Fv2%2Fmedia&parent=5163"}],"wp:term":[{"taxonomy":"product_brand","embeddable":true,"href":"https:\/\/dekantik.es\/index.php?rest_route=%2Fwp%2Fv2%2Fproduct_brand&post=5163"},{"taxonomy":"product_cat","embeddable":true,"href":"https:\/\/dekantik.es\/index.php?rest_route=%2Fwp%2Fv2%2Fproduct_cat&post=5163"},{"taxonomy":"product_tag","embeddable":true,"href":"https:\/\/dekantik.es\/index.php?rest_route=%2Fwp%2Fv2%2Fproduct_tag&post=5163"}],"curies":[{"name":"wp","href":"https:\/\/api.w.org\/{rel}","templated":true}]}}