{"id":4394,"date":"2024-09-14T10:23:43","date_gmt":"2024-09-14T10:23:43","guid":{"rendered":"https:\/\/dekantik.es\/?post_type=product&#038;p=4394"},"modified":"2026-03-20T12:39:33","modified_gmt":"2026-03-20T12:39:33","slug":"mesitas-de-noche-paula","status":"publish","type":"product","link":"https:\/\/dekantik.es\/?product=mesitas-de-noche-paula","title":{"rendered":"Mesitas Paula"},"content":{"rendered":"<p><strong>Dekantik :\u00a0<\/strong>Piezas con historia, estilo y calidad que te acompa\u00f1ar\u00e1n por muchos a\u00f1os.<\/p>\n","protected":false},"excerpt":{"rendered":"<h3 data-path-to-node=\"5\"><b data-path-to-node=\"5\" data-index-in-node=\"0\">Car\u00e1cter Vintage y P\u00e1tina del Tiempo<\/b><\/h3>\n<p data-path-to-node=\"6\">Fabricadas con madera de calidad, estas mesitas aseguran durabilidad y resistencia. El acabado envejecido y patinado refuerza el car\u00e1cter vintage de la pieza, manteniendo una est\u00e9tica \u00fanica y elegante que no se pierde con el paso del tiempo. Su vibrante tono azulado y los detalles de madera vista crean un contraste lleno de personalidad para tu dormitorio.<\/p>\n<hr data-path-to-node=\"7\" \/>\n<p data-path-to-node=\"8\"><b data-path-to-node=\"5\" data-index-in-node=\"0\">Lo que las hace especial:<\/b><\/p>\n<ul data-path-to-node=\"9\">\n<li>\n<p data-path-to-node=\"9,0,0\"><b data-path-to-node=\"9,0,0\" data-index-in-node=\"0\">Dise\u00f1o Exclusivo:<\/b> Destacan por su acabado artesanal con decapado art\u00edstico, lo que convierte a cada mesita en una pieza de autor irrepetible con texturas que invitan al tacto.<\/p>\n<\/li>\n<li>\n<p data-path-to-node=\"9,1,0\"><b data-path-to-node=\"9,1,0\" data-index-in-node=\"0\">Nobleza y Resistencia:<\/b> Construidas en madera maciza, estas piezas han sido reforzadas para ofrecer la m\u00e1xima robustez sin perder su encanto de \u00e9poca.<\/p>\n<\/li>\n<li>\n<p data-path-to-node=\"9,2,0\"><b data-path-to-node=\"9,2,0\" data-index-in-node=\"0\">Almacenaje con Estilo:<\/b> Su configuraci\u00f3n de tres cajones proporciona una organizaci\u00f3n \u00f3ptima, combinando la belleza de los tiradores cl\u00e1sicos con la practicidad necesaria para el d\u00eda a d\u00eda.<\/p>\n<\/li>\n<\/ul>\n<p data-path-to-node=\"10\"><b data-path-to-node=\"10\" data-index-in-node=\"0\">Caracter\u00edstica | Detalle<\/b><\/p>\n<ul data-path-to-node=\"11\">\n<li>\n<p data-path-to-node=\"11,0,0\"><b data-path-to-node=\"11,0,0\" data-index-in-node=\"0\">Dimensiones:<\/b> 47 cm ancho x 31 cm fondo x 69 cm alto.<\/p>\n<\/li>\n<li>\n<p data-path-to-node=\"11,1,0\"><b data-path-to-node=\"11,1,0\" data-index-in-node=\"0\">Materiales:<\/b> Madera maciza de alta calidad con acabados de p\u00e1tina envejecida.<\/p>\n<\/li>\n<li>\n<p data-path-to-node=\"11,2,0\"><b data-path-to-node=\"11,2,0\" data-index-in-node=\"0\">Estado:<\/b> Restaurado y Reforzado (Pieza \u00danica).<\/p>\n<\/li>\n<li>\n<p data-path-to-node=\"11,3,0\"><b data-path-to-node=\"11,3,0\" data-index-in-node=\"0\">Env\u00edo y Transporte:<\/b><\/p>\n<\/li>\n<\/ul>\n","protected":false},"featured_media":5674,"template":"","meta":[],"product_brand":[],"product_cat":[94],"product_tag":[],"class_list":{"0":"post-4394","1":"product","2":"type-product","3":"status-publish","4":"has-post-thumbnail","6":"product_cat-mesitas-de-noche","8":"first","9":"instock","10":"sold-individually","11":"shipping-taxable","12":"purchasable","13":"product-type-simple"},"_links":{"self":[{"href":"https:\/\/dekantik.es\/index.php?rest_route=\/wp\/v2\/product\/4394","targetHints":{"allow":["GET"]}}],"collection":[{"href":"https:\/\/dekantik.es\/index.php?rest_route=\/wp\/v2\/product"}],"about":[{"href":"https:\/\/dekantik.es\/index.php?rest_route=\/wp\/v2\/types\/product"}],"wp:featuredmedia":[{"embeddable":true,"href":"https:\/\/dekantik.es\/index.php?rest_route=\/wp\/v2\/media\/5674"}],"wp:attachment":[{"href":"https:\/\/dekantik.es\/index.php?rest_route=%2Fwp%2Fv2%2Fmedia&parent=4394"}],"wp:term":[{"taxonomy":"product_brand","embeddable":true,"href":"https:\/\/dekantik.es\/index.php?rest_route=%2Fwp%2Fv2%2Fproduct_brand&post=4394"},{"taxonomy":"product_cat","embeddable":true,"href":"https:\/\/dekantik.es\/index.php?rest_route=%2Fwp%2Fv2%2Fproduct_cat&post=4394"},{"taxonomy":"product_tag","embeddable":true,"href":"https:\/\/dekantik.es\/index.php?rest_route=%2Fwp%2Fv2%2Fproduct_tag&post=4394"}],"curies":[{"name":"wp","href":"https:\/\/api.w.org\/{rel}","templated":true}]}}